{"id":131,"date":"2024-11-21T16:44:00","date_gmt":"2024-11-21T16:44:00","guid":{"rendered":"https:\/\/clairesarrasin.com\/?page_id=131"},"modified":"2025-01-25T00:46:46","modified_gmt":"2025-01-25T00:46:46","slug":"conditions-dutilisation","status":"publish","type":"page","link":"https:\/\/clairesarrasin.com\/index.php\/conditions-dutilisation\/","title":{"rendered":"Conditions d&rsquo;utilisation"},"content":{"rendered":"<p>[et_pb_section fb_built=\u00a0\u00bb1&Prime; admin_label=\u00a0\u00bbHeader\u00a0\u00bb _builder_version=\u00a0\u00bb4.27.3&Prime; background_enable_image=\u00a0\u00bboff\u00a0\u00bb custom_padding=\u00a0\u00bb||35px||false|false\u00a0\u00bb da_disable_devices=\u00a0\u00bboff|off|off\u00a0\u00bb locked=\u00a0\u00bboff\u00a0\u00bb global_colors_info=\u00a0\u00bb{}\u00a0\u00bb da_is_popup=\u00a0\u00bboff\u00a0\u00bb da_exit_intent=\u00a0\u00bboff\u00a0\u00bb da_has_close=\u00a0\u00bbon\u00a0\u00bb da_alt_close=\u00a0\u00bboff\u00a0\u00bb da_dark_close=\u00a0\u00bboff\u00a0\u00bb da_not_modal=\u00a0\u00bbon\u00a0\u00bb da_is_singular=\u00a0\u00bboff\u00a0\u00bb da_with_loader=\u00a0\u00bboff\u00a0\u00bb da_has_shadow=\u00a0\u00bbon\u00a0\u00bb][et_pb_row _builder_version=\u00a0\u00bb4.27.4&Prime; border_color_all=\u00a0\u00bb#e8655a\u00a0\u00bb border_width_bottom=\u00a0\u00bb2px\u00a0\u00bb border_color_bottom=\u00a0\u00bb#e89683&Prime; locked=\u00a0\u00bboff\u00a0\u00bb global_colors_info=\u00a0\u00bb{}\u00a0\u00bb][et_pb_column type=\u00a0\u00bb4_4&Prime; _builder_version=\u00a0\u00bb4.27.4&Prime; global_colors_info=\u00a0\u00bb{}\u00a0\u00bb][et_pb_text _builder_version=\u00a0\u00bb4.27.4&Prime; header_font=\u00a0\u00bbDarker Grotesque|900|||||||\u00a0\u00bb header_font_size=\u00a0\u00bb100px\u00a0\u00bb background_layout=\u00a0\u00bbdark\u00a0\u00bb custom_margin=\u00a0\u00bb||||false|false\u00a0\u00bb header_font_size_tablet=\u00a0\u00bb70px\u00a0\u00bb header_font_size_phone=\u00a0\u00bb41px\u00a0\u00bb header_font_size_last_edited=\u00a0\u00bbon|phone\u00a0\u00bb global_colors_info=\u00a0\u00bb{}\u00a0\u00bb]<\/p>\n<h1 style=\"text-align: center;\"><span style=\"color: #363a36;\"><strong>Conditions d&rsquo;utilisation<\/strong><\/span><\/h1>\n<p>[\/et_pb_text][\/et_pb_column][\/et_pb_row][\/et_pb_section][et_pb_section fb_built=\u00a0\u00bb1&Prime; admin_label=\u00a0\u00bbAbout\u00a0\u00bb _builder_version=\u00a0\u00bb4.27.3&Prime; custom_padding=\u00a0\u00bb21px|||||\u00a0\u00bb da_disable_devices=\u00a0\u00bboff|off|off\u00a0\u00bb global_colors_info=\u00a0\u00bb{}\u00a0\u00bb da_is_popup=\u00a0\u00bboff\u00a0\u00bb da_exit_intent=\u00a0\u00bboff\u00a0\u00bb da_has_close=\u00a0\u00bbon\u00a0\u00bb da_alt_close=\u00a0\u00bboff\u00a0\u00bb da_dark_close=\u00a0\u00bboff\u00a0\u00bb da_not_modal=\u00a0\u00bbon\u00a0\u00bb da_is_singular=\u00a0\u00bboff\u00a0\u00bb da_with_loader=\u00a0\u00bboff\u00a0\u00bb da_has_shadow=\u00a0\u00bbon\u00a0\u00bb][et_pb_row _builder_version=\u00a0\u00bb4.27.4&Prime; custom_padding=\u00a0\u00bb16px|||||\u00a0\u00bb locked=\u00a0\u00bboff\u00a0\u00bb global_colors_info=\u00a0\u00bb{}\u00a0\u00bb][et_pb_column type=\u00a0\u00bb4_4&Prime; _builder_version=\u00a0\u00bb4.16&Prime; global_colors_info=\u00a0\u00bb{}\u00a0\u00bb][et_pb_text _builder_version=\u00a0\u00bb4.27.4&Prime; text_font=\u00a0\u00bbDarker Grotesque|500|||||||\u00a0\u00bb text_font_size=\u00a0\u00bb18px\u00a0\u00bb text_line_height=\u00a0\u00bb1.4em\u00a0\u00bb hover_enabled=\u00a0\u00bb0&Prime; global_colors_info=\u00a0\u00bb{}\u00a0\u00bb sticky_enabled=\u00a0\u00bb0&Prime;]<\/p>\n<p><strong>Derni\u00e8re mise \u00e0 jour : le 19 janvier 2025<\/strong><\/p>\n<p style=\"text-align: justify;\"><span>Les pr\u00e9sentes conditions d&rsquo;utilisation s\u2019appliquent au site web clairesarrasin.com (ci-apr\u00e8s \u00ab Site Web \u00bb ou \u00ab Site \u00bb) et aux transactions li\u00e9es \u00e0 nos produits et services. Sur ce Site, les termes \u00ab Claire Sarrasin \u00bb, \u00ab nous \u00bb, \u00ab notre \u00bb et \u00ab nos \u00bb font r\u00e9f\u00e9rence \u00e0 Claire Sarrasin. Vous pouvez \u00eatre li\u00e9s par des contrats suppl\u00e9mentaires en lien avec votre relation avec nous ou \u00e0 tout produit ou service que vous recevez de notre part. Si des dispositions de contrats suppl\u00e9mentaires sont en conflit avec des dispositions des pr\u00e9sentes conditions g\u00e9n\u00e9rales, les dispositions de ces contrats suppl\u00e9mentaires pr\u00e9vaudront.<\/span><\/p>\n<p style=\"text-align: justify;\">En visitant le site <a href=\"http:\/\/www.clairesarrasin.com,\">www.clairesarrasin.com,<\/a> en y acc\u00e9dant ou en l\u2019utilisant de toute autre mani\u00e8re, vous acceptez par les pr\u00e9sentes d\u2019\u00eatre li\u00e9 par les conditions g\u00e9n\u00e9rales \u00e9nonc\u00e9es ci-dessous. La simple utilisation de ce site web implique la connaissance et l\u2019acceptation des pr\u00e9sentes conditions g\u00e9n\u00e9rales. Dans certains cas particuliers, nous pouvons \u00e9galement vous demander de donner votre accord explicite.<\/p>\n<h3><strong><span>PROTECTION DES INFORMATIONS PERSONNELLES<\/span><\/strong><\/h3>\n<p style=\"text-align: justify;\"><span>La soumission de vos informations personnelles \u00e0 travers votre utilisation de nos Services est r\u00e9gie par notre Politique de confidentialit\u00e9.\u00a0<\/span><a href=\"https:\/\/clairesarrasin.com\/index.php\/politique-de-confidentialite\/\">Cliquez ici pour la consulter.<\/a><\/p>\n<h3><strong><span>PROPRIETE INTELLECTUELLE<\/span><\/strong><\/h3>\n<p>Nous ou nos licenci\u00e9s poss\u00e9dons et contr\u00f4lons tous les droits d\u2019auteur et autres droits de propri\u00e9t\u00e9 intellectuelle sur le site web et les donn\u00e9es, informations et autres ressources affich\u00e9es ou accessibles sur le site web.<\/p>\n<p>\u00c0 moins qu\u2019un contenu sp\u00e9cifique n\u2019en d\u00e9cide autrement, aucune licence ni aucun autre droit ne vous est accord\u00e9 en vertu des droits d\u2019auteur, des marques, des brevets ou d\u2019autres droits de propri\u00e9t\u00e9 intellectuelle.\u00a0Cela signifie que vous n\u2019utiliserez, copierez, reproduirez, ex\u00e9cuterez, afficherez, distribuerez, int\u00e9grerez dans un support \u00e9lectronique, modifierez, r\u00e9tro-ing\u00e9nierez, d\u00e9compilerez, transf\u00e9rerez, t\u00e9l\u00e9chargerez, transmettrez, mon\u00e9tiserez, vendrez, marchandiserez ou commercialiserez aucune des ressources de ce site web sous quelque forme que ce soit, sans notre autorisation \u00e9crite pr\u00e9alable, sauf et uniquement dans la mesure o\u00f9 il en est stipul\u00e9 autrement dans des r\u00e8glements de droit imp\u00e9ratif (tels que le droit de citer).<\/p>\n<h3><strong><span>MODIFICATION DES SERVICES<\/span><\/strong><\/h3>\n<p style=\"text-align: justify;\"><span>Nous nous r\u00e9servons le droit, \u00e0 notre seule discr\u00e9tion, de modifier ou de suspendre ce Site et le reste de nos Services, sans pr\u00e9avis (sauf s\u2019ils ont d\u00e9j\u00e0 \u00e9t\u00e9 achet\u00e9s) ainsi que les descriptions, prix et autres informations associ\u00e9es \u00e0 nos Services.<\/span><br \/><span>Il est de votre responsabilit\u00e9 de visiter r\u00e9guli\u00e8rement notre Site pour voir si des modifications ont \u00e9t\u00e9 apport\u00e9es.<\/span><br \/><span>Nous ne serons pas responsables envers vous ou tout autre tiers pour toute modification, suspension ou interruption du Site et des Services qui y sont pr\u00e9sent\u00e9s.<\/span><\/p>\n<h3><strong><span>COMPORTEMENTS INTERDITS<\/span><\/strong><\/h3>\n<p>En visitant notre site web, vous acceptez de l\u2019utiliser uniquement aux fins pr\u00e9vues et autoris\u00e9es par les pr\u00e9sentes conditions g\u00e9n\u00e9rales, par tout contrat suppl\u00e9mentaire conclu avec nous, et par les lois et r\u00e8glements applicables, ainsi que par les pratiques en ligne et les directives industrielles g\u00e9n\u00e9ralement accept\u00e9es.\u00a0Vous ne devez pas utiliser notre site web ou nos services pour utiliser, publier ou distribuer tout \u00e9l\u00e9ment qui consiste en (ou est li\u00e9 \u00e0) un logiciel malveillant\u00a0; utiliser les donn\u00e9es collect\u00e9es sur notre site web pour toute activit\u00e9 de marketing direct, ou mener toute activit\u00e9 de collecte de donn\u00e9es syst\u00e9matique ou automatis\u00e9e sur ou en relation avec notre site web.<\/p>\n<p>Il est strictement interdit de s\u2019engager dans toute activit\u00e9 qui cause, ou pourrait causer, des dommages au site web ou qui interf\u00e8re avec la performance, la disponibilit\u00e9 ou l\u2019accessibilit\u00e9 du site web.<\/p>\n<h3><strong><span>CONTRIBUTION<\/span><\/strong><\/h3>\n<p style=\"text-align: justify;\"><span>N\u2019envoyez aucune id\u00e9e, invention, \u0153uvre d\u2019auteur ou autre information pouvant \u00eatre consid\u00e9r\u00e9e comme votre propre propri\u00e9t\u00e9 intellectuelle que vous souhaiteriez nous pr\u00e9senter, sauf si nous avons pr\u00e9alablement sign\u00e9 un accord concernant la propri\u00e9t\u00e9 intellectuelle ou un accord de non-divulgation.\u00a0Si vous nous le divulguez en l\u2019absence d\u2019un tel accord \u00e9crit, vous nous accordez une licence mondiale, irr\u00e9vocable, non exclusive et libre de redevance pour utiliser, reproduire, stocker, adapter, publier, traduire et distribuer votre contenu sur tout support existant ou futur.<\/span><\/p>\n<h3><strong><span>GARANTIES ET RESPONSABILITE<\/span><\/strong><\/h3>\n<p>Le Site et le contenu qui y est disponible sont fournis tels quels. Claire Sarrasin n\u2019assure aucune garantie concernant le Site, son contenu et ses fonctionnalit\u00e9s. Nous ne garantissons ni ne pr\u00e9tendons que le fonctionnement ou l\u2019accessibilit\u00e9 du Site se fera sans interruption ni erreur et que les d\u00e9fauts ou que les erreurs signal\u00e9es de notre Site seront corrig\u00e9es.<\/p>\n<p>Nous ne pouvons garantir que le Site ou le serveur qui l\u2019h\u00e9berge sont libres de virus ou d\u2019\u00e9l\u00e9ments nuisibles ou garantir la transmission s\u00e9curitaire ou sans interception des communications par l\u2019interm\u00e9diaire du Site ou de ses fonctionnalit\u00e9s. Nous ne garantissons pas la qualit\u00e9, l\u2019exactitude ou l\u2019exhaustivit\u00e9 des d\u00e9clarations ou informations sur notre Site. Toutes les informations, d\u00e9clarations et produits disponibles sur notre Site sont fournis \u00ab\u00a0tels quels\u00a0\u00bb sans garantie ni condition d\u2019aucune sorte.<\/p>\n<p>Vous acceptez que, de temps \u00e0 autre, nous puissions supprimer le Site pour des p\u00e9riodes ind\u00e9finies ou limiter l\u2019acc\u00e8s \u00e0 celui-ci sans vous en informer \u00e0 l\u2019avance.<\/p>\n<p>Claire Sarrasin n\u2019assume aucune responsabilit\u00e9 pour les co\u00fbts de perte de donn\u00e9es, de dommages, de r\u00e9paration ou de remplacement de biens, de mat\u00e9riaux ou d\u2019\u00e9quipements ou de tout autre dommage r\u00e9sultant de votre utilisation ou de votre incapacit\u00e9 \u00e0 utiliser ce Site ou le contenu qui s\u2019y trouve.<\/p>\n<h3><strong><span>INDEMNISATION<\/span><\/strong><\/h3>\n<p style=\"text-align: justify;\"><span>Vous acceptez de nous indemniser, de nous d\u00e9fendre et de nous tenir \u00e0 l\u2019\u00e9cart de toutes les r\u00e9clamations, responsabilit\u00e9s, dommages, pertes et d\u00e9penses li\u00e9s \u00e0 votre violation des pr\u00e9sentes conditions g\u00e9n\u00e9rales et des lois applicables, y compris les droits de propri\u00e9t\u00e9 intellectuelle et les droits \u00e0 la vie priv\u00e9e. Vous nous rembourserez rapidement les dommages, pertes, co\u00fbts et d\u00e9penses li\u00e9s \u00e0 ces r\u00e9clamations ou en d\u00e9coulant.<\/span><\/p>\n<h3><strong><span>LIEN DE TIERS<\/span><\/strong><\/h3>\n<p style=\"text-align: justify;\"><span>Le contenu de notre Site peut inclure du mat\u00e9riel provenant de tiers. Certains liens hypertextes peuvent vous rediriger vers des sites dont les propri\u00e9taires ne sont pas affili\u00e9s \u00e0 Claire Sarrasin. Nous n\u2019avons pas de contr\u00f4le sur le contenu des pages web relatives \u00e0 ces liens et ne pouvons en \u00eatre tenus responsable.<\/span><\/p>\n<h3><strong><span>MODIFICATIONS DES CONDITIONS<\/span><\/strong><\/h3>\n<p style=\"text-align: justify;\"><span>Nous nous r\u00e9servons le droit, \u00e0 notre seule discr\u00e9tion, de mettre \u00e0 jour, de modifier ou de remplacer toute partie de ces Conditions en publiant les mises \u00e0 jour et les changements sur notre Site. Sauf mention contraire, les modifications \u00e0 nos Conditions entrent en vigueur d\u00e8s leur publication sur notre Site. Il est de votre responsabilit\u00e9 de visiter r\u00e9guli\u00e8rement notre Site afin de voir si des modifications aux Conditions ont \u00e9t\u00e9 apport\u00e9es. Votre utilisation continue de notre Site constitue une acceptation de ces modifications.<\/span><\/p>\n<h3><strong><span>LOI APPLICABLE<\/span><\/strong><\/h3>\n<p style=\"text-align: justify;\"><span>Ces Conditions, ainsi que tout autre accord s\u00e9par\u00e9 par le biais duquel nous vous fournissons nos Services, seront r\u00e9gies et interpr\u00e9t\u00e9es en vertu des lois en vigueur dans la province de Qu\u00e9bec, Canada, sans donner effet aux principes de conflits de lois.<\/span><\/p>\n<h3><strong><span>REGLEMENT DES DIFFERENDS<\/span><\/strong><\/h3>\n<p style=\"text-align: justify;\"><span>Tout litige ou diff\u00e9rend entre vous et Julie Brouillette sera soumis exclusivement au tribunal comp\u00e9tent dans le district judiciaire de Qu\u00e9bec.<\/span><\/p>\n<h3><strong><span>COORDONNEES<\/span><\/strong><\/h3>\n<p><span>Pour toute question, demande ou remarque concernant les pr\u00e9sentes Conditions, vous pouvez nous contacter via la section \u00ab Contact \u00bb de notre Site, ou au courriel suivant : <\/span>contact@clairesarrasin.com.<\/p>\n<p>[\/et_pb_text][\/et_pb_column][\/et_pb_row][\/et_pb_section]<\/p>\n","protected":false},"excerpt":{"rendered":"<p>Conditions d&rsquo;utilisationDerni\u00e8re mise \u00e0 jour : le 19 janvier 2025 Les pr\u00e9sentes conditions d&rsquo;utilisation s\u2019appliquent au site web clairesarrasin.com (ci-apr\u00e8s \u00ab Site Web \u00bb ou \u00ab Site \u00bb) et aux transactions li\u00e9es \u00e0 nos produits et services. Sur ce Site, les termes \u00ab Claire Sarrasin \u00bb, \u00ab nous \u00bb, \u00ab notre \u00bb et \u00ab nos [&hellip;]<\/p>\n","protected":false},"author":1,"featured_media":0,"parent":0,"menu_order":0,"comment_status":"closed","ping_status":"closed","template":"","meta":{"_et_pb_use_builder":"on","_et_pb_old_content":"","_et_gb_content_width":"","footnotes":""},"class_list":["post-131","page","type-page","status-publish","hentry"],"_links":{"self":[{"href":"https:\/\/clairesarrasin.com\/index.php\/wp-json\/wp\/v2\/pages\/131","targetHints":{"allow":["GET"]}}],"collection":[{"href":"https:\/\/clairesarrasin.com\/index.php\/wp-json\/wp\/v2\/pages"}],"about":[{"href":"https:\/\/clairesarrasin.com\/index.php\/wp-json\/wp\/v2\/types\/page"}],"author":[{"embeddable":true,"href":"https:\/\/clairesarrasin.com\/index.php\/wp-json\/wp\/v2\/users\/1"}],"replies":[{"embeddable":true,"href":"https:\/\/clairesarrasin.com\/index.php\/wp-json\/wp\/v2\/comments?post=131"}],"version-history":[{"count":13,"href":"https:\/\/clairesarrasin.com\/index.php\/wp-json\/wp\/v2\/pages\/131\/revisions"}],"predecessor-version":[{"id":711,"href":"https:\/\/clairesarrasin.com\/index.php\/wp-json\/wp\/v2\/pages\/131\/revisions\/711"}],"wp:attachment":[{"href":"https:\/\/clairesarrasin.com\/index.php\/wp-json\/wp\/v2\/media?parent=131"}],"curies":[{"name":"wp","href":"https:\/\/api.w.org\/{rel}","templated":true}]}}